{"id":16584,"date":"2025-12-10T01:21:39","date_gmt":"2025-12-10T00:21:39","guid":{"rendered":"https:\/\/woodx-supply.com\/?post_type=product&#038;p=16584"},"modified":"2025-12-10T01:21:58","modified_gmt":"2025-12-10T00:21:58","slug":"halbe-palette-kammergetrocknetes-gespalten-buchen-brennholz-25-cm","status":"publish","type":"product","link":"https:\/\/woodx-supply.com\/index.php\/produit\/halbe-palette-kammergetrocknetes-gespalten-buchen-brennholz-25-cm\/","title":{"rendered":"Halbe Palette kammergetrocknetes gespalten Buchen Brennholz 25 cm"},"content":{"rendered":"<div class=\"h3 text-base lg:text-lg font-semibold mb-3\">Beschreibung<\/div>\n<div class=\"product-description read-more-content max-lines-8 expanded\" data-initiated=\"true\" data-expandable=\"true\">\n<div data-content-type=\"row\" data-appearance=\"contained\" data-element=\"main\">\n<div data-enable-parallax=\"0\" data-parallax-speed=\"0.5\" data-background-images=\"{}\" data-background-type=\"image\" data-video-loop=\"true\" data-video-play-only-visible=\"true\" data-video-lazy-load=\"true\" data-video-fallback-src=\"\" data-element=\"inner\" data-pb-style=\"GMPWMP5\">\n<div data-content-type=\"text\" data-appearance=\"default\" data-element=\"main\">\n<p>Sie suchen nach dem idealen Brennstoff f\u00fcr Ihren Ofen, Kamin oder Ihre Feuerstelle? Entdecken Sie unser hochwertiges, im Ofen getrocknetes Beuken Brennholz, das in den Niederlanden und Belgien wegen seiner beeindruckenden Effizienz und seines wunderbaren Geruchs sehr beliebt ist.<\/p>\n<\/div>\n<div data-content-type=\"text\" data-appearance=\"default\" data-element=\"main\">\n<p>Warum sollten Sie unser Beuken Brennholz w\u00e4hlen? Hier sind die Vorteile:<\/p>\n<ul>\n<li>Sch\u00f6nes Flammenspiel: Beuken ist bekannt f\u00fcr sein sch\u00f6nes Flammenspiel, das sogar Eiken Brennholz \u00fcbertrifft. Genie\u00dfen Sie die hypnotisierenden Flammen, die Ihren Ofen oder Kamin schm\u00fccken.<\/li>\n<li>Geringe Rauchentwicklung: Beuken Brennholz erzeugt wenig Rauch, was bedeutet, dass sich weniger Ru\u00df in Ihrem Ofen und Schornstein ablagert. Eine saubere und effiziente Verbrennung ist garantiert.<\/li>\n<li>Hohe Effizienz: Beuken ist eine schwere Holzart mit hoher Effizienz. Es liefert kr\u00e4ftige W\u00e4rme und brennt lange, so dass Ihre Heizungsanlage optimal genutzt wird.<\/li>\n<\/ul>\n<\/div>\n<div data-content-type=\"text\" data-appearance=\"default\" data-element=\"main\">\n<p id=\"LVYR6HH\">Um ein m\u00fcheloses Anz\u00fcnden zu gew\u00e4hrleisten, empfehlen wir, beim Anz\u00fcnden von Beuken ausreichend Anz\u00fcndholz und Feueranz\u00fcnder zu verwenden. Dies sorgt f\u00fcr einen reibungslosen Start Ihres Feuers.<\/p>\n<\/div>\n<div data-content-type=\"text\" data-appearance=\"default\" data-element=\"main\">\n<p>Entscheiden Sie sich f\u00fcr die Vielseitigkeit und den Komfort unseres im Ofen getrockneten Beuken Brennholzes und genie\u00dfen Sie eine warme und duftende Atmosph\u00e4re in Ihrem Zuhause. Ganz gleich, ob Sie einen gro\u00dfen Ofen, einen Kamin oder eine Feuerstelle haben, das Brennholz von Beuken liefert zuverl\u00e4ssige Leistung.<\/p>\n<div class=\"h3 text-black text-lg font-semibold leading-5 lg:text-[28px] lg:font-semibold lg:leading-8 mb-4\">Alle Spezifikationen<\/div>\n<div id=\"product-attributes\">\n<table class=\"additional-attributes w-full text-xs md:text-sm border border-gray-300\">\n<tbody>\n<tr class=\"spec even:bg-[#F3F3F3]\">\n<td class=\"spec-label m-0 p-3 flex justify-between items-center\">SKU<\/td>\n<td class=\"spec-value p-3 text-right\">BU20000<\/td>\n<\/tr>\n<tr class=\"spec even:bg-[#F3F3F3]\">\n<td class=\"spec-label m-0 p-3 flex justify-between items-center\">Marke<\/td>\n<td class=\"spec-value p-3 text-right\">Eigenmarke<\/td>\n<\/tr>\n<tr class=\"spec even:bg-[#F3F3F3]\">\n<td class=\"spec-label m-0 p-3 flex justify-between items-center\">Afmeting (H x B x L)<\/td>\n<td class=\"spec-value p-3 text-right\">120 cm x 90 cm x 120 cm<\/td>\n<\/tr>\n<tr class=\"spec even:bg-[#F3F3F3]\">\n<td class=\"spec-label m-0 p-3 flex justify-between items-center\">H\u00f6he<\/td>\n<td class=\"spec-value p-3 text-right\">120 cm<\/td>\n<\/tr>\n<tr class=\"spec even:bg-[#F3F3F3]\">\n<td class=\"spec-label m-0 p-3 flex justify-between items-center\">Breedte (cm)<\/td>\n<td class=\"spec-value p-3 text-right\">90 cm<\/td>\n<\/tr>\n<tr class=\"spec even:bg-[#F3F3F3]\">\n<td class=\"spec-label m-0 p-3 flex justify-between items-center\">L\u00e4nge<\/td>\n<td class=\"spec-value p-3 text-right\">120 cm<\/td>\n<\/tr>\n<tr class=\"spec even:bg-[#F3F3F3]\">\n<td class=\"spec-label m-0 p-3 flex justify-between items-center\">Gewicht<\/td>\n<td class=\"spec-value p-3 text-right\">450 kg<\/td>\n<\/tr>\n<tr class=\"spec even:bg-[#F3F3F3]\">\n<td class=\"spec-label m-0 p-3 flex justify-between items-center\">Volume<\/td>\n<td class=\"spec-value p-3 text-right\">0,9 RM<\/td>\n<\/tr>\n<tr class=\"spec even:bg-[#F3F3F3]\">\n<td class=\"spec-label m-0 p-3 flex justify-between items-center\">Soort<\/td>\n<td class=\"spec-value p-3 text-right\">Brennholz Buchen<\/td>\n<\/tr>\n<tr class=\"spec even:bg-[#F3F3F3]\">\n<td class=\"spec-label m-0 p-3 flex justify-between items-center\">Restfeuchte<\/td>\n<td class=\"spec-value p-3 text-right\">&lt; 20%<\/td>\n<\/tr>\n<tr class=\"spec even:bg-[#F3F3F3]\">\n<td class=\"spec-label m-0 p-3 flex justify-between items-center\">Scheitl\u00e4nge<\/td>\n<td class=\"spec-value p-3 text-right\">25 cm<\/td>\n<\/tr>\n<tr class=\"spec even:bg-[#F3F3F3]\">\n<td class=\"spec-label m-0 p-3 flex justify-between items-center\">Abschnitt<\/td>\n<td class=\"spec-value p-3 text-right\">8 bis 14 cm<\/td>\n<\/tr>\n<\/tbody>\n<\/table>\n<\/div>\n<\/div>\n<\/div>\n<\/div>\n<\/div>\n","protected":false},"excerpt":{"rendered":"<p>Beschreibung Sie suchen nach dem idealen Brennstoff f\u00fcr Ihren Ofen, Kamin oder Ihre Feuerstelle? Entdecken Sie unser hochwertiges, im Ofen<\/p>\n","protected":false},"featured_media":16665,"comment_status":"open","ping_status":"closed","template":"","meta":[],"product_brand":[],"product_cat":[227],"product_tag":[],"class_list":{"0":"post-16584","1":"product","2":"type-product","3":"status-publish","4":"has-post-thumbnail","6":"product_cat-buche-brennholz","8":"first","9":"instock","10":"shipping-taxable","11":"purchasable","12":"product-type-simple"},"jetpack_sharing_enabled":true,"_links":{"self":[{"href":"https:\/\/woodx-supply.com\/index.php\/wp-json\/wp\/v2\/product\/16584","targetHints":{"allow":["GET"]}}],"collection":[{"href":"https:\/\/woodx-supply.com\/index.php\/wp-json\/wp\/v2\/product"}],"about":[{"href":"https:\/\/woodx-supply.com\/index.php\/wp-json\/wp\/v2\/types\/product"}],"replies":[{"embeddable":true,"href":"https:\/\/woodx-supply.com\/index.php\/wp-json\/wp\/v2\/comments?post=16584"}],"version-history":[{"count":1,"href":"https:\/\/woodx-supply.com\/index.php\/wp-json\/wp\/v2\/product\/16584\/revisions"}],"predecessor-version":[{"id":16666,"href":"https:\/\/woodx-supply.com\/index.php\/wp-json\/wp\/v2\/product\/16584\/revisions\/16666"}],"wp:featuredmedia":[{"embeddable":true,"href":"https:\/\/woodx-supply.com\/index.php\/wp-json\/wp\/v2\/media\/16665"}],"wp:attachment":[{"href":"https:\/\/woodx-supply.com\/index.php\/wp-json\/wp\/v2\/media?parent=16584"}],"wp:term":[{"taxonomy":"product_brand","embeddable":true,"href":"https:\/\/woodx-supply.com\/index.php\/wp-json\/wp\/v2\/product_brand?post=16584"},{"taxonomy":"product_cat","embeddable":true,"href":"https:\/\/woodx-supply.com\/index.php\/wp-json\/wp\/v2\/product_cat?post=16584"},{"taxonomy":"product_tag","embeddable":true,"href":"https:\/\/woodx-supply.com\/index.php\/wp-json\/wp\/v2\/product_tag?post=16584"}],"curies":[{"name":"wp","href":"https:\/\/api.w.org\/{rel}","templated":true}]}}